{"id":6973,"date":"2014-11-06T19:22:44","date_gmt":"2014-11-06T22:22:44","guid":{"rendered":"http:\/\/pcb.org.br\/portal2\/?page_id=6973"},"modified":"2023-04-05T13:20:25","modified_gmt":"2023-04-05T16:20:25","slug":"se-organize-no-pcb","status":"publish","type":"page","link":"https:\/\/pcb.org.br\/portal2\/se-organize-no-pcb","title":{"rendered":"Organize-se no PCB!"},"content":{"rendered":"<p><a href=\"https:\/\/pcb.org.br\/portal2\/1705#como\" target=\"_blank\" rel=\"noopener\">Como se organizar no PCB?<\/a><\/p>\n<p><a href=\"http:\/\/pcb.org.br\/portal2\/?p=658\" target=\"_blank\" rel=\"noopener\">Para conhecer o PCB;<\/a><\/p>\n<p><a href=\"http:\/\/pcb.org.br\/portal2\/?p=659\" target=\"_blank\" rel=\"noopener\">Inicia\u00e7\u00e3o partid\u00e1ria;<\/a><\/p>\n<hr \/>\n<p><a href=\"http:\/\/pcb.org.br\/portal\/docs\/manual.html\" target=\"_blank\" rel=\"noopener\">Manual de organiza\u00e7\u00e3o do PCB;<\/a><\/p>\n<p><a href=\"https:\/\/drive.google.com\/file\/d\/1eR3k8PGhMIES0dHvcqgo36TRuxfoCXrb\/view\" target=\"_blank\" rel=\"noopener\">Estatuto do PCB;<\/a><\/p>\n<hr \/>\n<p><a href=\"http:\/\/pcb.org.br\/portal2\/?p=6591\" target=\"_blank\" rel=\"noopener\">Estrat\u00e9gia e t\u00e1tica do PCB;<\/a><\/p>\n<hr \/>\n<p><a href=\"https:\/\/drive.google.com\/file\/d\/0B9OkSrCIvhFlbHYwc09od3BDLW1aZ2pvcjZuWTdUM21iUXlZ\/edit?usp=sharing\" target=\"_blank\" rel=\"noopener\">Resolu\u00e7\u00f5es da Confer\u00eancia de Organiza\u00e7\u00e3o De 2008;<\/a><\/p>\n<p><a href=\"https:\/\/drive.google.com\/file\/d\/0B9OkSrCIvhFlSUl2Wm5wa2ZKVUhMR1N0UHNhc0VHRzYtalVj\/edit?usp=sharing\" target=\"_blank\" rel=\"noopener\">Resolu\u00e7\u00f5es da Confer\u00eancia de Pol\u00edtica De 2011 (PARTE 1);<\/a><\/p>\n<p><a href=\"https:\/\/drive.google.com\/file\/d\/0B9OkSrCIvhFlTHExVUlPTFMyb2RseEZnZjZ5Wm4xXzQ0Zk5v\/edit?usp=sharing\" target=\"_blank\" rel=\"noopener\">Resolu\u00e7\u00f5es da Confer\u00eancia de Pol\u00edtica De 2011 (PARTE 2);<\/a><\/p>\n<hr \/>\n<p><a href=\"http:\/\/pcb.org.br\/portal2\/?p=247\" target=\"_blank\" rel=\"noopener\">Forma\u00e7\u00e3o b\u00e1sica;<\/a><\/p>\n<p><a href=\"http:\/\/pcb.org.br\/portal2\/?p=661\" target=\"_blank\" rel=\"noopener\">Cl\u00e1ssicos do Marxismo.<\/a><\/p>\n<hr \/>\n<p><img decoding=\"async\" src=\"https:\/\/i1.wp.com\/pcb.org.br\/portal\/images\/simbolos\/pcb\/pcb.png\" width=\"0\" \/><\/p>\n","protected":false},"excerpt":{"rendered":"Como se organizar no PCB? Para conhecer o PCB; Inicia\u00e7\u00e3o partid\u00e1ria; Manual de organiza\u00e7\u00e3o do PCB; Estatuto do PCB; Estrat\u00e9gia e t\u00e1tica do \n<a class=\"moretag\" href=\"https:\/\/pcb.org.br\/portal2\/se-organize-no-pcb\"> <\/a>","protected":false},"author":1,"featured_media":0,"parent":0,"menu_order":0,"comment_status":"closed","ping_status":"closed","template":"","meta":{"jetpack_post_was_ever_published":false,"footnotes":""},"class_list":["post-6973","page","type-page","status-publish","hentry"],"jetpack_shortlink":"https:\/\/wp.me\/P659gw-1Ot","jetpack-related-posts":[],"jetpack_likes_enabled":true,"jetpack_sharing_enabled":true,"_links":{"self":[{"href":"https:\/\/pcb.org.br\/portal2\/wp-json\/wp\/v2\/pages\/6973","targetHints":{"allow":["GET"]}}],"collection":[{"href":"https:\/\/pcb.org.br\/portal2\/wp-json\/wp\/v2\/pages"}],"about":[{"href":"https:\/\/pcb.org.br\/portal2\/wp-json\/wp\/v2\/types\/page"}],"author":[{"embeddable":true,"href":"https:\/\/pcb.org.br\/portal2\/wp-json\/wp\/v2\/users\/1"}],"replies":[{"embeddable":true,"href":"https:\/\/pcb.org.br\/portal2\/wp-json\/wp\/v2\/comments?post=6973"}],"version-history":[{"count":4,"href":"https:\/\/pcb.org.br\/portal2\/wp-json\/wp\/v2\/pages\/6973\/revisions"}],"predecessor-version":[{"id":30234,"href":"https:\/\/pcb.org.br\/portal2\/wp-json\/wp\/v2\/pages\/6973\/revisions\/30234"}],"wp:attachment":[{"href":"https:\/\/pcb.org.br\/portal2\/wp-json\/wp\/v2\/media?parent=6973"}],"curies":[{"name":"wp","href":"https:\/\/api.w.org\/{rel}","templated":true}]}}